{"id":118,"date":"2014-12-18T12:38:21","date_gmt":"2014-12-18T11:38:21","guid":{"rendered":"http:\/\/drisk-solutions.com\/?page_id=118"},"modified":"2015-02-09T17:40:26","modified_gmt":"2015-02-09T16:40:26","slug":"secteur-agrolimentaire","status":"publish","type":"page","link":"http:\/\/drisk-solutions.com\/?page_id=118","title":{"rendered":"Agroalimentaire"},"content":{"rendered":"<h3><span style=\"color: #0297ec;\">D-RISK SOLUTIONS D&rsquo;ASSURANCE DE L&rsquo;INDUSTRIE AGROALIMENTAIRE<\/span><\/h3>\n<p>&nbsp;<\/p>\n<p>Quelle\u00a0que soit votre sp\u00e9cialit\u00e9\u00a0et \u00e9tendue\u00a0d&rsquo;intervention dans <strong>l&rsquo;industrie agroalimentaire<\/strong>, il est important d<strong>&lsquo;\u00e9valuer vos risques<\/strong> ainsi que les co\u00fbts associ\u00e9s \u00e0 :<img loading=\"lazy\" decoding=\"async\" class=\"  wp-image-271 alignleft\" src=\"http:\/\/drisk-solutions.com\/wp-content\/uploads\/2014\/12\/D-Risk-Courtage-Assurance-Agroalimentaire-300x233.png\" alt=\"D-Risk Courtage Assurance Agroalimentaire\" width=\"201\" height=\"156\" srcset=\"http:\/\/drisk-solutions.com\/wp-content\/uploads\/2014\/12\/D-Risk-Courtage-Assurance-Agroalimentaire-300x233.png 300w, http:\/\/drisk-solutions.com\/wp-content\/uploads\/2014\/12\/D-Risk-Courtage-Assurance-Agroalimentaire.png 677w\" sizes=\"auto, (max-width: 201px) 100vw, 201px\" \/><\/p>\n<ul>\n<li>L&rsquo;importation et l&rsquo;exportation de vos produits ou ingr\u00e9dients<\/li>\n<li>Votre prestation (stockage, conditionnement, \u00e9tiquetage,tra\u00e7abilit\u00e9&#8230;)<img loading=\"lazy\" decoding=\"async\" class=\"  wp-image-547 alignright\" src=\"http:\/\/drisk-solutions.com\/wp-content\/uploads\/2014\/12\/D-RISK-assurance-viticole-300x200.jpg\" alt=\"D-RISK assurance viticole\" width=\"137\" height=\"91\" srcset=\"http:\/\/drisk-solutions.com\/wp-content\/uploads\/2014\/12\/D-RISK-assurance-viticole-300x200.jpg 300w, http:\/\/drisk-solutions.com\/wp-content\/uploads\/2014\/12\/D-RISK-assurance-viticole-1024x682.jpg 1024w, http:\/\/drisk-solutions.com\/wp-content\/uploads\/2014\/12\/D-RISK-assurance-viticole-980x653.jpg 980w, http:\/\/drisk-solutions.com\/wp-content\/uploads\/2014\/12\/D-RISK-assurance-viticole.jpg 1280w\" sizes=\"auto, (max-width: 137px) 100vw, 137px\" \/><\/li>\n<li>Une intoxication alimentaire impliquant l&rsquo;un de vos produits<\/li>\n<li>Une campagne de frais de rappel de produits<\/li>\n<li>Une attaque m\u00e9diatique d&rsquo;un concurrent, d&rsquo;une association de consommateurs<\/li>\n<\/ul>\n<p>&nbsp;<\/p>\n<p><img loading=\"lazy\" decoding=\"async\" class=\"  wp-image-549 alignleft\" src=\"http:\/\/drisk-solutions.com\/wp-content\/uploads\/2014\/12\/supermarket-109863_1280-300x225.jpg\" alt=\"supermarket-109863_1280\" width=\"202\" height=\"151\" srcset=\"http:\/\/drisk-solutions.com\/wp-content\/uploads\/2014\/12\/supermarket-109863_1280-300x225.jpg 300w, http:\/\/drisk-solutions.com\/wp-content\/uploads\/2014\/12\/supermarket-109863_1280-1024x768.jpg 1024w, http:\/\/drisk-solutions.com\/wp-content\/uploads\/2014\/12\/supermarket-109863_1280-980x735.jpg 980w, http:\/\/drisk-solutions.com\/wp-content\/uploads\/2014\/12\/supermarket-109863_1280.jpg 1280w\" sizes=\"auto, (max-width: 202px) 100vw, 202px\" \/>Les cons\u00e9quences seraient-elles uniquement support\u00e9es par votre entreprise ou impactent-elles des tiers ? Particuliers ou professionnels ?<img loading=\"lazy\" decoding=\"async\" class=\"  wp-image-550 alignright\" src=\"http:\/\/drisk-solutions.com\/wp-content\/uploads\/2014\/12\/field-196173_1280-300x200.jpg\" alt=\"field-196173_1280\" width=\"189\" height=\"126\" srcset=\"http:\/\/drisk-solutions.com\/wp-content\/uploads\/2014\/12\/field-196173_1280-300x200.jpg 300w, http:\/\/drisk-solutions.com\/wp-content\/uploads\/2014\/12\/field-196173_1280-1024x682.jpg 1024w, http:\/\/drisk-solutions.com\/wp-content\/uploads\/2014\/12\/field-196173_1280-980x653.jpg 980w, http:\/\/drisk-solutions.com\/wp-content\/uploads\/2014\/12\/field-196173_1280.jpg 1280w\" sizes=\"auto, (max-width: 189px) 100vw, 189px\" \/><\/p>\n<p>Que vous soyez, fabricant, n\u00e9gociant, distributeur, que votre sp\u00e9cialit\u00e9 soit la transformation et\/ ou le (re)conditionnement de\u00a0produits, que vous soyez restaurateur,\u00a0<strong>nous vous proposons un \u00e9change <span style=\"color: #0297ec;\">\u00ab\u00a0risques\u00a0\u00bb<\/span> entre professionnels afin d&rsquo;\u00e9valuer et de<span style=\"color: #0297ec;\"> ma\u00eetriser ensemble votre exposition<\/span><\/strong><span style=\"color: #0297ec;\">.<\/span><\/p>\n<p style=\"text-align: center;\"><span style=\"color: #0297ec;\"><a style=\"color: #0297ec;\" title=\"Contacts\" href=\"http:\/\/drisk-solutions.com\/?page_id=69\"><strong>\u00a0Pour de plus amples informations, contactez-nous<\/strong><\/a><\/span><\/p>\n","protected":false},"excerpt":{"rendered":"<p>D-RISK SOLUTIONS D&rsquo;ASSURANCE DE L&rsquo;INDUSTRIE AGROALIMENTAIRE &nbsp; Quelle\u00a0que soit votre sp\u00e9cialit\u00e9\u00a0et \u00e9tendue\u00a0d&rsquo;intervention dans l&rsquo;industrie agroalimentaire, il est important d&lsquo;\u00e9valuer vos risques ainsi que les co\u00fbts associ\u00e9s \u00e0 : L&rsquo;importation et&#8230; <a class=\"read-more-button\" href=\"http:\/\/drisk-solutions.com\/?page_id=118\">Savoir plus &gt;<\/a><\/p>\n","protected":false},"author":3,"featured_media":0,"parent":184,"menu_order":0,"comment_status":"closed","ping_status":"open","template":"template-full-width-without-title.php","meta":{"footnotes":""},"class_list":["post-118","page","type-page","status-publish","hentry"],"_links":{"self":[{"href":"http:\/\/drisk-solutions.com\/index.php?rest_route=\/wp\/v2\/pages\/118","targetHints":{"allow":["GET"]}}],"collection":[{"href":"http:\/\/drisk-solutions.com\/index.php?rest_route=\/wp\/v2\/pages"}],"about":[{"href":"http:\/\/drisk-solutions.com\/index.php?rest_route=\/wp\/v2\/types\/page"}],"author":[{"embeddable":true,"href":"http:\/\/drisk-solutions.com\/index.php?rest_route=\/wp\/v2\/users\/3"}],"replies":[{"embeddable":true,"href":"http:\/\/drisk-solutions.com\/index.php?rest_route=%2Fwp%2Fv2%2Fcomments&post=118"}],"version-history":[{"count":19,"href":"http:\/\/drisk-solutions.com\/index.php?rest_route=\/wp\/v2\/pages\/118\/revisions"}],"predecessor-version":[{"id":744,"href":"http:\/\/drisk-solutions.com\/index.php?rest_route=\/wp\/v2\/pages\/118\/revisions\/744"}],"up":[{"embeddable":true,"href":"http:\/\/drisk-solutions.com\/index.php?rest_route=\/wp\/v2\/pages\/184"}],"wp:attachment":[{"href":"http:\/\/drisk-solutions.com\/index.php?rest_route=%2Fwp%2Fv2%2Fmedia&parent=118"}],"curies":[{"name":"wp","href":"https:\/\/api.w.org\/{rel}","templated":true}]}}